- 1011, -m - s*i = -0*i - 250. Is m a prime number?
False
Let p = -57 + 39. Suppose -2*f + 22 = 4*s, -3*f - 8 = -f - 2*s. Is (-7 + f)*477/p a prime number?
False
Let h be (21/14)/(3/(-16)). Let s be (12/h)/(-3)*-32. Is s/(-40) + (-7866)/(-10) prime?
True
Suppose -12*q - 4*h = -13*q + 4197, 2*q + 5*h - 8407 = 0. Is q prime?
True
Suppose 0 = 3*t - m - 17, -2*m + 3*m = 2*t - 12. Suppose -2*s - 3*s + 28 = -3*j, -5*j - t = 0. Suppose -g - 3*c + 148 = 24, -s*g - 5*c = -610. Is g composite?
True
Suppose 25 - 9 = 4*o. Suppose 2*i + o*h - 1012 = -2*i, i = -4*h + 259. Is i a composite number?
False
Let d(u) = u - 4. Let b be d(7). Suppose f - 1084 = -o - 3*o, -f - 813 = -b*o. Is o composite?
False
Let r(z) = 7*z**2 + 12*z + 60. Is r(-7) prime?
False
Suppose 0 = 50*r - 448319 - 958631. Is r composite?
True
Suppose -3366 = 9*v + 72. Let i = 191 - v. Is i composite?
True
Let m(j) = 5*j**3 - 4*j**2 - j + 7. Let l be m(6). Let d be l/2*(11 + -9). Suppose -5*t = i - d, 3*t - 3*i = -t + 742. Is t prime?
False
Let c be 2/((-2)/(-12)*4). Let z be (-3 + c + -1)*-2. Suppose -2*l + 5*n + 458 = 0, -l + n + 231 = -z*n. Is l a composite number?
True
Is ((-33684)/(-3) - 4) + -5 a prime number?
False
Let s = 42 - 42. Suppose 12*w - 1437 - 2535 = s. Is w prime?
True
Let j = -22213 + 12391. Is (9/((-27)/j))/2 prime?
True
Let a = -8802 - -13789. Is a a prime number?
True
Let a be 98/(2 - (-2 - -2)). Let i be 154/a - 1/7. Is 2/(4*i/1506) a composite number?
False
Let j(i) = -28*i + 22*i - 3 - 5 + 17*i**2. Suppose 42*f - 25 = 47*f. Is j(f) a prime number?
False
Let z(i) be the first derivative of 16*i**3/3 + i**2/2 + i - 6. Suppose -4*k = 16, -3*o + 10 = k - 2*k. Is z(o) a prime number?
True
Let m(q) = 4*q**2 - 4*q + 13. Suppose 0 = -3*t + 23 + 10. Is m(t) a composite number?
True
Is (-9)/(-15) - 24/15*-7114 a composite number?
False
Let y(b) = -15*b + 9. Let j(u) = 2*u - 2. Let l be j(-1). Is y(l) composite?
True
Let o = 194 + -440. Let t = o - -719. Is t a composite number?
True
Let n be (-19815)/(-10) + (-2)/4. Suppose -4*h + 2800 = 3*i, -3*h + i = -n - 132. Is h composite?
True
Let s be (14/8)/(18/144). Is (-1490)/(-3) - s/(-42) a prime number?
False
Let s = -4632 - -10163. Is s prime?
True
Suppose -17 - 3 = -5*s. Suppose -s*i - u - 27 = 0, 2*i + 16 = -0*i + 2*u. Let n(a) = 4*a**2 - a + 8. Is n(i) a composite number?
False
Let z(o) = 326*o - 475. Is z(9) a prime number?
True
Let s(u) = 264*u**3 + u**2 + u - 1. Suppose 4*m - 4*x = -24, 5*m + 0*x + 10 = -5*x. Let j = -3 - m. Is s(j) a composite number?
True
Suppose -28*c + 30*c - 38003 = -5*f, -f = -3*c - 7604. Is f a composite number?
True
Let x(p) = 6*p**3 - p. Let c be x(-1). Let z(m) = m + 10. Let i be z(c). Suppose -110 = -i*o + 45. Is o prime?
True
Suppose 0 = 4*u - 3*x - 5, 0*u + 5*x = -4*u + 45. Is 2/15 - (u - 541428/90) a composite number?
False
Let n(i) = -140*i + 7. Suppose -q + 34 = -5*z, 5*z + 55 = 3*q - 7. Let x = q + -17. Is n(x) prime?
False
Let u = 242 - -735. Is u a prime number?
True
Suppose -3*q + 2269 = 2*z, -2 - 10 = 4*q. Is z composite?
True
Suppose 6*c = -8832 - 1422. Let u = -232 - c. Is u composite?
True
Let v(q) = q**3 - 9*q**2 - 4*q - 59. Let i be v(10). Is 151/(-2)*(-15 + i) prime?
False
Let q(h) = -18*h**3 - 5*h**2 - 3*h + 1. Let b(z) = -z**2 + 7*z + 5. Let w be b(8). Is q(w) composite?
True
Let o(g) = -12*g**2 - g - g**3 - 29 + 19*g - 14. Is o(-14) a composite number?
False
Let f = -10635 - -17914. Is f prime?
False
Is 57522/4*(40 - 38) composite?
True
Let q = 76 - -2. Let s = 89 + q. Is s composite?
False
Suppose -5*i - 7 + 22 = 0. Suppose -2*j = j - 195. Suppose -1544 = -i*w - j. Is w a prime number?
False
Let c = 53 + -109. Let g = 18 - c. Is g prime?
False
Let z = -20 - -20. Let k be (-209)/44*(z + 52). Let i = 510 + k. Is i a composite number?
False
Suppose 0 = -14*z + 47131 + 125391. Is z composite?
False
Let x = 7 + -3. Suppose k = -0*k - 3*c, 2*k = c + 7. Suppose 381 = k*p + n, -x*n - 127 = -p - n. Is p a composite number?
False
Let m(a) = 2*a**3 - 12*a - 5. Let w(u) = 2*u**3 - 11*u - 4. Let b(s) = -4*m(s) + 5*w(s). Is b(3) a composite number?
True
Suppose 3*m + 2*q = 2*m + 9487, 4*q = 2*m - 18990. Is m a composite number?
False
Let o(y) = 95*y**2 + y - 17. Is o(6) a composite number?
True
Let j = -7450 - -17765. Is j a composite number?
True
Let o = 128 - -220. Let f = o + 365. Is f composite?
True
Let b be (-20)/6 - 1/(-3). Let d = -8 + b. Let k(u) = 2*u**2 + 4*u - 7. Is k(d) a prime number?
True
Let o(b) = -9*b**2 - 3*b - 2. Let x be o(-1). Is x/(-12)*(1 - (-31444)/8) prime?
True
Suppose -4*j - 2539 = -19343. Is j composite?
False
Is 4 - 813*(2 + -11) composite?
False
Suppose -19*z + 27729 = -4210. Is z composite?
True
Let q(n) = -3*n**2 + 3*n - 5. Let t be q(4). Let x = t - -108. Suppose -k + x = 2*p + 2*p, -4*k + p + 200 = 0. Is k a composite number?
True
Let d = 33238 - 19265. Is d a composite number?
True
Let y be 86*3*(3 + 3). Let d = y - 695. Is d a composite number?
False
Suppose 0 = 4*n + 12 - 0, -3*n = -5*j + 5254. Is j composite?
False
Let t = 25316 + -1063. Is t a composite number?
True
Let l = 105 + -108. Is ((-1)/l + 0)*1758/2 prime?
True
Let r = -33849 + 74495. Is r a composite number?
True
Let g = 8400 - 5977. Suppose -178 + g = 5*k. Suppose 4*q - k = 579. Is q a composite number?
False
Suppose -3*h + 5 = 2*h. Is (-10059)/(-14)*2/h prime?
False
Let n = -6444 + 3178. Let j = -1377 - n. Is j prime?
True
Let l be 3/(-45)*-6*5. Suppose 2*a + g + 1753 = 0, -1 = g + l. Let h = 2040 + a. Is h prime?
False
Let l = -81204 - -158509. Is l a composite number?
True
Let m = 276 - -657. Let j = 449 - m. Is (j/(-16))/((-3)/(-12)) prime?
False
Let k = -13 + 2. Let i(n) = -n**3 + 4*n**2 + 4*n - 18. Is i(k) a prime number?
True
Let v(r) = 464*r + 177. Is v(8) a prime number?
True
Let n = 14039 + -7782. Is n composite?
False
Let a = 48 + -43. Let q(y) = 229*y + 18. Is q(a) a prime number?
True
Suppose z - 10878 = -3*z - 3*d, 2*d + 2725 = z. Is z a composite number?
True
Let s = 8 + -32. Let j = 163 + s. Suppose -2*h + 3*k = -43 - j, 0 = 4*h - 4*k - 364. Is h a prime number?
False
Let m be 2/8*-2*-2. Let j = 41 - 41. Is j + (m - 3) + 151 prime?
True
Let t = -8149 + 15998. Is t a prime number?
False
Let d = 4417 - -156. Is d a composite number?
True
Let x = 2 - 4. Let i be 2 + (-1)/x*6. Suppose 4*p - i = 3*h + 71, 38 = 2*p + 4*h. Is p composite?
False
Let w = -1727 + 11293. Is w a prime number?
False
Suppose 2*b = -3*m - 2*b + 4181, 0 = 3*m - 5*b - 4217. Is m prime?
True
Let o = 7 - 5. Suppose 0 = -15*m + 11*m + 20. Suppose m*x + 0*i = -4*i + 1911, -3*x + o*i + 1129 = 0. Is x composite?
False
Let l be (-1 - -5) + 0 + -19. Let p(o) = -9*o - 8. Is p(l) prime?
True
Let r = -17 + 20. Let t(k) = r*k - 1 + 0 + 38*k**2 - 4*k + 55*k**2. Is t(-1) a prime number?
False
Let p(o) = o**3 + 5*o**2 - 6*o + 5. Let c be p(-6). Let j(w) = 5*w + 7. Let m be j(-5). Let r = c - m. Is r a composite number?
False
Let b(l) = -31*l - 9. Let f = 6 - 10. Is b(f) a prime number?
False
Let y = -9 - -13. Suppose -426 = -y*c + 38. Let l = 2 + c. Is l composite?
True
Let v = 3202 - 153. Is v a composite number?
False
Let h = 10 + 2. Suppose 3*f = 6*f + h. Let g(p) = -2*p**3 - 2*p**2 - 2*p - 1. Is g(f) a prime number?
True
Suppose -4*x + 10 = -2. Suppose 3*h + 3*m + 24 = 0, -h + 2*m + 10 = -x*m. Let i = h - -64. Is i prime?
True
Let i(k) be the first derivative of -69*k**2/2 + 9*k - 1. Let w(z) = 34*z - 5. Let r(l) = 6*i(l) + 11*w(l). Is r(-2) a composite number?
False
Is 2 - (208/6)/(-8)*717 a composite number?
False
Suppose -5*a = -y - 3*y - 65, -30 = -5*a - 3*y. Let z(d) = d**2 + 19*d + 20. Let r be z(-18). Suppose r*s = -s + a. Is s a prime number?
True
Is 4/3 + 19/(-57) + 2866 prime?
False
Let y = -376 - -40. Let u = y + 665. Is u composite?
True
Is 6/(-39) + (268299/(-39))/(-3) composite?
False
Let i(f) = 373*f**2 + 1. Let w be i(1). Let r be 3/2 + (-3)/(-6). Suppose -1260 = -r*p - w. Is p a prime number?
True
Let z = -52 - -55. Let c(o) = 122*o**2 + 9*o - 16. Is c(z) prime?
True
Let j = -999 - -3172. Is j composite?
True
Suppose 9*o + 757 - 4366 = 0. Let h = 358 - 598. Let p = h + o. Is p prime?
False
Suppose j + 4*b - 105 = 0, 3*j = -4*b + 8*b + 251. Is j composite?
False
Let d(f) = 6*f + 7. Let x = 20 + -1